+ 2. Determine a(1).
6
Let m(p) = -2*p**2 + 2*p + 1. Give m(3).
-11
Let v(i) = -33*i + 86. Determine v(7).
-145
Let y(z) = -2*z - 1. Determine y(-10).
19
Let h(u) = -u - 1. Calculate h(13).
-14
Let m(w) = w**3 - 21*w**2 + 5*w - 26. What is m(21)?
79
Let o(n) = n**2 - 16*n - 843. Give o(-22).
-7
Let t(b) = -60*b**2 - 2*b + 1. Calculate t(1).
-61
Let p(h) = -10*h + 12. Calculate p(-7).
82
Let j(b) = 11*b + 6. Give j(1).
17
Let z(k) = k**2 - 6*k + 5. What is z(2)?
-3
Let b(l) = l**3 + 5*l**2 + 6*l + 11. Give b(-3).
11
Let s(w) = -w**2 - 9*w - 31. What is s(-7)?
-17
Let b(t) = 2*t + 31. Give b(-17).
-3
Let h(i) = 7*i**3 + 4*i**2 + 5*i + 2. What is h(-1)?
-6
Let b(a) = a**3 + 4*a**2 - 3*a + 7. Determine b(-5).
-3
Let m(y) = y**2 - 18*y + 23. What is m(16)?
-9
Let y(u) = u**3 + 10*u**2 - 20*u - 102. What is y(-11)?
-3
Let x(o) = o**3 + 36*o**2 + 2*o + 61. Determine x(-36).
-11
Let x(k) = 13*k + 23. Calculate x(-2).
-3
Let m(r) = -r**3 + 18*r**2 + 3*r + 308. Calculate m(19).
4
Let c(r) = 26*r. Give c(1).
26
Let h(g) = -g**3 - g**2 + g - 13. Determine h(0).
-13
Let r(w) = w + 12. Calculate r(0).
12
Let y(a) = 2*a**2 + 26*a + 15. Determine y(-11).
-29
Let c(d) = -d + 15. Give c(7).
8
Let v(t) = 10*t - 7. Give v(2).
13
Let c(p) = 3*p + 27. Calculate c(-7).
6
Let f(g) = g**3 + 26*g**2 - 14*g - 361. Give f(-26).
3
Let r(x) = 2*x**2 + 11*x. Determine r(-8).
40
Let h(x) = 6*x - 48. Determine h(14).
36
Let q(s) = -65*s**2 - s. Determine q(-1).
-64
Let z(i) = -i**2 + 15*i - 25. Calculate z(12).
11
Let k(d) = -33*d**3 - 4*d**2 + 3. Determine k(1).
-34
Let z(t) = 30*t**2 - 6*t. What is z(1)?
24
Let b(k) = -k - 38. Calculate b(-27).
-11
Let k(d) = -7*d**2 + 6. Give k(-2).
-22
Let x(t) = t**2 - 8*t - 3. What is x(5)?
-18
Let u(r) = 34*r**2 + 2*r. Determine u(1).
36
Let m(n) = n**3 - n**2 - 6*n + 3. Determine m(2).
-5
Let u(q) = q**2 - 11*q - 5. Determine u(8).
-29
Let i(v) = v**2 - 9*v + 1. What is i(6)?
-17
Let u(g) = -g**3 - 13*g**2 - g - 7. Calculate u(-13).
6
Let u(v) = -15*v - 83. Calculate u(-6).
7
Let b(k) = 5*k**3 - k**2 + 4*k + 1. Determine b(-2).
-51
Let i(q) = q**3 + 2*q**2 + 5*q + 4. Determine i(-3).
-20
Let y(p) = -p - 1. Give y(-4).
3
Let c(m) = 2*m**3 + 2*m**2 + 2*m + 1. Determine c(-2).
-11
Let n(h) = 4*h - 3. Calculate n(-15).
-63
Let q(v) = -8*v + 17. Give q(6).
-31
Let z(y) = 3*y + 1. What is z(1)?
4
Let d(h) = 13*h**3 + h**2 + h - 2. Calculate d(1).
13
Let j(d) = -d**2 + 13*d - 6. What is j(10)?
24
Let i(s) = -s**2 - 6*s - 21. Calculate i(-4).
-13
Let x(j) = -j**3 - 10*j**2 - 9*j + 4. Give x(-9).
4
Let u(d) = -d**2 - d + 5. Calculate u(-8).
-51
Let w(z) = z**2 - 17*z + 46. Determine w(13).
-6
Let y(o) = -9*o - 36. Determine y(-3).
-9
Let p(w) = w**3 + 8*w**2 + 9*w + 6. Determine p(-6).
24
Let x(j) = -j**2 + 2*j + 44. Calculate x(-6).
-4
Let g(u) = -10*u**2 - 37*u + 1. What is g(-4)?
-11
Let s(t) = -t**3 - 6*t**2 - 5*t + 7. Determine s(-4).
-5
Let x(o) = -o**3 + 12*o**2 - 13*o - 18. What is x(10)?
52
Let t(w) = -w + 2. What is t(-4)?
6
Let f(j) = j**2 - 16*j - 189. Give f(-8).
3
Let y(t) = -7*t**2 - 3*t + 8. Calculate y(-4).
-92
Let h(m) = m**3 - 2*m**2 - 10*m + 14. What is h(4)?
6
Let t(l) = -4*l - 78. Calculate t(-17).
-10
Let g(z) = z**3 - z**2 - 2*z + 15. What is g(0)?
15
Let l(i) = -i**2 + 19*i + 12. Calculate l(9).
102
Let g(z) = -z**2 + 8*z + 13. Give g(6).
25
Let l(b) = b**2 - 7*b - 23. Determine l(7).
-23
Let u(v) = v - 3. Calculate u(1).
-2
Let r(d) = -6*d - 3. Give r(-1).
3
Let u(z) = -z**3 - 8*z**2 + 19*z - 10. What is u(-10)?
0
Let b(l) = -l - 2. Determine b(2).
-4
Let v(l) = -l**3 + 6*l**2 - 5*l - 1. Give v(4).
11
Let t(o) = -o**3 - 6*o**2 - 5*o + 2. Give t(-5).
2
Let h(i) = -3*i**2 - 2*i + 3. Give h(1).
-2
Let p(w) = w**2 - 4*w + 3. Calculate p(2).
-1
Let q(m) = -m**3 - 3*m**2 + 3*m + 4. What is q(-2)?
-6
Let p(r) = -3*r - 6. What is p(3)?
-15
Let j(f) = -f + 32. Calculate j(35).
-3
Let a(x) = -6*x**3 + x**2. Determine a(-1).
7
Let f(h) = -h**3 + 3*h**2 + 17*h + 5. Determine f(-2).
-9
Let p(o) = -4*o + 93. What is p(25)?
-7
Let j(u) = -u**3 - 36*u**2 + 75*u - 25. Determine j(-38).
13
Let d(n) = -12*n + 3. Determine d(2).
-21
Let a(n) = -n**2 + 31*n - 158. Determine a(23).
26
Let o(x) = -x**3 - 5*x**2 - 8*x - 14. Calculate o(-4).
2
Let g(a) = a**2 + a + 60. What is g(0)?
60
Let l(j) = -j**3 + 5*j**2 + 4*j - 22. Calculate l(4).
10
Let w(n) = n**2 - 14*n + 53. Calculate w(9).
8
Let u(c) = 10*c**3 + 2*c**2 - 1. What is u(-2)?
-73
Let l(y) = -7*y**2 + 2*y + 2. Give l(-3).
-67
Let n(b) = -b**3 + b**2 - 4. Give n(3).
-22
Let k(j) = j - 5. Determine k(-6).
-11
Let k(m) = -m**3 - m**2 + m - 12. Determine k(0).
-12
Let b(d) = d**3 - 12*d**2 + 34*d + 3. Determine b(5).
-2
Let u(o) = -25*o + 3. Determine u(-1).
28
Let q(h) = 5*h**2 + 30*h - 7. Determine q(-6).
-7
Let w(i) = -i**2 - 10*i + 27. What is w(-12)?
3
Let t(g) = -2*g**2 - 13*g + 30. What is t(-8)?
6
Let w(j) = j**2 + 8*j + 6. Give w(-7).
-1
Let d(v) = 2*v + 4. Give d(-8).
-12
Let w(i) = 2*i + 16. Give w(-10).
-4
Let y(x) = -6*x - 4. Calculate y(-2).
8
Let d(m) = m**2 - m. What is d(3)?
6
Let d(h) = -h**3 + 2*h**2 + 8*h + 4. What is d(-2)?
4
Let a(y) = y**2 - 23*y + 32. Give a(21).
-10
Let r(m) = -m**3 - 7*m**2 - 3*m + 4. Give r(-6).
-14
Let x(u) = u**2 + 5*u + 2. Determine x(-4).
-2
Let u(g) = -g**3 + 7*g**2 - 5*g + 2. What is u(6)?
8
Let k(u) = 2*u**2 - 12*u + 7. What is k(5)?
-3
Let b(g) = 3*g**2 - 3*g. Calculate b(-1).
6
Let i(x) = 2*x**2 - 11*x - 12. Calculate i(7).
9
Let g(w) = 2*w**2 + w - 7. What is g(-3)?
8
Let g(z) = -z**2 + 59*z - 319. Calculate g(53).
-1
Let j(m) = -5*m + 5. Determine j(2).
-5
Let c(t) = 3*t**3 + t**2 - 7*t + 9. What is c(-4)?
-139
Let w(h) = h**3 + 4*h**2 + h. Determine w(-5).
-30
Let j(u) = 3*u - 36. Determine j(15).
9
Let a(k) = 4*k**2 - 20*k - 1. Determine a(5).
-1
Let w(n) = n**2 - 12*n + 19. Calculate w(10).
-1
Let i(q) = -9*q + 99. Determine i(10).
9
Let n(s) = -s + 12. Give n(10).
2
Let m(o) = -2*o + 4. Give m(5).
-6
Let l(w) = -w - 32. Determine l(-13).
-19
Let y(u) = -u**2 - 14*u + 19. What is y(-14)?
19
Let q(g) = -g**3 + 2*g**2 - 8*g + 14. Calculate q(3).
-19
Let a(z) = -z**2 - 3*z + 5. Determine a(-6).
-13
Let k(h) = 3*h - 6. What is k(7)?
15
Let k(b) = -3*b**3 + b**2 + b + 2. Calculate k(2).
-16
Let m(b) = -8*b + 134. What is m(19)?
-18
Let o(s) = -s**2 + 19*s + 163. Determine o(-6).
13
Let d(j) = -j**3 - j**2 + 5*j - 1. Determine d(-4).
27
Let o(p) = 11*p**2 + p - 1. Calculate o(-2).
41
Let h(c) = -c + 8. What is h(-6)?
14
Let p(a) = -a**2 + 5. Calculate p(2).
1
Let v(y) = -3*y + 12. What is v(3)?
3
Let b(z) = -z**2 - 9*z + 11. Determine b(-9).
11
Let c(z) = -z**3 + 11*z**2 - 15*z + 7. Determine c(8).
79
Let u(i) = -2*i**2 - 6*i - 9. What is u(-2)?
-5
Let k(o) = o**3 + o**2 + o - 7. Give k(0).
-7
Let l(o) = o**2 + 2*o + 1. Determine l(-2).
1
Let d(a) = -2*a + 1. Determine d(7).
-13
Let i(b) = -28*b - 501. What is i(-18)?
3
Let u(c) = -9*c**2 + 6*c + 7. What is u(-1)?
-8
Let m(p) = p**3 - 26*p**2 + 3*p - 55. Give m(26).
23
Let x(q) = -2*q**2 + 13*q + 21. What is x(7)?
14
Let x(d) = -90*d + 7. Give x(2).
-173
Let c(n) = -2*n**2 + 7*n + 4. What is c(0)?
4
Let k(a) = -a**3 - 5*a**2 - 2*a - 23. Determine k(-5).
-13
Let s(r) = 29*r**2 - 4*r - 2. Calculate s(2).
106
Let l(b) = -b**3 - 14*b**2 + 23*b + 26. Calculate l(-16).
170
Let w(p) = -p**3 + 2*p**2 + 3*p - 6. What is w(4)?
-26
Let x(w) = w**2 - 10*w - 22. Determine x(-3).
17
Let d(n) = n**2 + 2*n + 1. Calculate d(-3).
4
Let v(w) = 2*w + 16. Give v(-9).
-2
Let h(o) = o**3 - 12*o**2 + 21*o - 6. Determine h(9).
-60
Let g(j) = -j**3 + 7*j**2 + 3*j + 32. Give g(8).
-8
Let z(x) = -x**3 + 6*x**2 - x + 2. Calculate z(5).
22
Let c(z) = -z**3 + z**2 - 6*z + 3. Give c(0).
3
Let o(t) = 14*t + 120. What is o(-8)?
8
Let z(a) = a**3 - 15*a**2 - a + 10. Give z(15).
-5
Let f(x) = 7*x - 32. Determine f(9).
31
Let f(j) = j**3 + 8*j**2 - 2*j - 11. Determine f(-8).
5
Let x(n) = n**3 - 12*n**2 + 43*n - 11. Determine x(4).
33
Let b(f) = 48*f + 192. Give b(-4).
0
Let x(p) = -p**2 - 3*p - 3. Determine x(-2).
-1
Let c(t) = 2*t**2 - 23*t + 12. What is c(6)?
-54
Let t(i) = 6*i**3 + 11*i**2 + 2*i + 1. What is t(-3)?
-68
Let b(n) = 104*n - 941. What is b(9)?
-5
Let o(c) = -8*c**2 - c + 2. Calculate o(1).
-7
Let d(c) =